{"id":28568,"date":"2023-10-17T21:46:09","date_gmt":"2023-10-17T21:46:09","guid":{"rendered":"https:\/\/icaa.pt\/?page_id=28568"},"modified":"2024-01-22T17:23:09","modified_gmt":"2024-01-22T17:23:09","slug":"associados","status":"publish","type":"page","link":"https:\/\/icaa.pt\/en\/associados\/","title":{"rendered":"Associates"},"content":{"rendered":"<p>[et_pb_section fb_built=&#8221;1&#8243; admin_label=&#8221;Title&#8221; _builder_version=&#8221;4.23&#8243; _module_preset=&#8221;default&#8221; background_color=&#8221;gcid-c5e5cc09-5d4f-4c97-9d5b-5ce8359efee6&#8243; custom_margin=&#8221;0px||0px||false|false&#8221; custom_padding=&#8221;20px||20px||false|false&#8221; locked=&#8221;off&#8221; global_colors_info=&#8221;{%22gcid-c5e5cc09-5d4f-4c97-9d5b-5ce8359efee6%22:%91%22background_color%22%93}&#8221;][et_pb_row _builder_version=&#8221;4.23&#8243; _module_preset=&#8221;default&#8221; custom_margin=&#8221;||||false|false&#8221; global_colors_info=&#8221;{}&#8221;][et_pb_column type=&#8221;4_4&#8243; _builder_version=&#8221;4.23&#8243; _module_preset=&#8221;default&#8221; global_colors_info=&#8221;{}&#8221;][et_pb_text _builder_version=&#8221;4.23.1&#8243; text_font=&#8221;||||||||&#8221; text_text_color=&#8221;#34ABD6&#8243; header_font=&#8221;||||||||&#8221; header_3_font=&#8221;Poppins|600|||||||&#8221; header_3_text_color=&#8221;#44d89e&#8221; header_3_font_size=&#8221;36px&#8221; header_3_line_height=&#8221;1.4em&#8221; global_colors_info=&#8221;{}&#8221;]<\/p>\n<h3 style=\"text-align: center\"><span style=\"color: #ffffff\">Associados<br \/><\/span><\/h3>\n<p>[\/et_pb_text][\/et_pb_column][\/et_pb_row][\/et_pb_section][et_pb_section fb_built=&#8221;1&#8243; _builder_version=&#8221;4.23.1&#8243; _module_preset=&#8221;default&#8221; custom_padding=&#8221;||25px||false|false&#8221; global_colors_info=&#8221;{}&#8221;][et_pb_row _builder_version=&#8221;4.23&#8243; _module_preset=&#8221;default&#8221; global_colors_info=&#8221;{}&#8221;][et_pb_column type=&#8221;4_4&#8243; _builder_version=&#8221;4.23&#8243; _module_preset=&#8221;default&#8221; global_colors_info=&#8221;{}&#8221;][et_pb_text _builder_version=&#8221;4.23.1&#8243; _module_preset=&#8221;default&#8221; text_font_size=&#8221;17px&#8221; global_colors_info=&#8221;{}&#8221;]<\/p>\n<p>A ICAA \u00e9 composta por acad\u00e9micos, representantes de institui\u00e7\u00f5es p\u00fablicas e empresas com a tarefa de promover a inova\u00e7\u00e3o e a excel\u00eancia da gest\u00e3o do capital intelectual na Europa e no mundo, criando uma rede de conhecimento que permitir\u00e1 a partilha das melhores pr\u00e1ticas empresariais.<\/p>\n<p>A ICAA \u00e9 uma associa\u00e7\u00e3o de direito privado, sem fins lucrativos, sendo a sua admiss\u00e3o reservada, sujeita a proposta subscrita por 2 membros efetivos. A sua proposta ser\u00e1 avaliada em sede de Dire\u00e7\u00e3o da ICAA e ratificada em Assembleia Geral.<\/p>\n<p>Se quer pertencer \u00e0 ICAA, queira preencher o formul\u00e1rio em anexo e enviar para <strong>info@icaa.pt<\/strong>.<\/p>\n<p>[\/et_pb_text][\/et_pb_column][\/et_pb_row][\/et_pb_section][et_pb_section fb_built=&#8221;1&#8243; admin_label=&#8221;Our Teachers Section&#8221; _builder_version=&#8221;4.23&#8243; background_color=&#8221;#FFFFFF&#8221; custom_padding=&#8221;0px|0px|100px|0px|false|false&#8221; global_colors_info=&#8221;{}&#8221;][et_pb_row column_structure=&#8221;1_4,1_4,1_4,1_4&#8243; make_equal=&#8221;on&#8221; _builder_version=&#8221;4.23.1&#8243; _module_preset=&#8221;default&#8221; global_colors_info=&#8221;{}&#8221;][et_pb_column type=&#8221;1_4&#8243; _builder_version=&#8221;4.23.1&#8243; _module_preset=&#8221;default&#8221; global_colors_info=&#8221;{}&#8221;][et_pb_button button_url=&#8221;https:\/\/icaa.pt\/icaa-ficha-inscricao-pessoa-individual\/&#8221; url_new_window=&#8221;on&#8221; button_text=&#8221;Ficha de Inscri\u00e7\u00e3o Pessoa Individual (PT)&#8221; button_alignment=&#8221;center&#8221; _builder_version=&#8221;4.24.0&#8243; _module_preset=&#8221;default&#8221; hover_enabled=&#8221;0&#8243; global_colors_info=&#8221;{}&#8221; sticky_enabled=&#8221;0&#8243;][\/et_pb_button][\/et_pb_column][et_pb_column type=&#8221;1_4&#8243; _builder_version=&#8221;4.23.1&#8243; _module_preset=&#8221;default&#8221; global_colors_info=&#8221;{}&#8221;][et_pb_button button_url=&#8221;https:\/\/icaa.pt\/icaa-ficha-inscricao-pessoa-colectiva\/&#8221; url_new_window=&#8221;on&#8221; button_text=&#8221;Ficha de Inscri\u00e7\u00e3o Pessoa Colectiva (PT)&#8221; button_alignment=&#8221;center&#8221; _builder_version=&#8221;4.24.0&#8243; _module_preset=&#8221;default&#8221; hover_enabled=&#8221;0&#8243; global_colors_info=&#8221;{}&#8221; sticky_enabled=&#8221;0&#8243;][\/et_pb_button][\/et_pb_column][et_pb_column type=&#8221;1_4&#8243; _builder_version=&#8221;4.23.1&#8243; _module_preset=&#8221;default&#8221; global_colors_info=&#8221;{}&#8221;][et_pb_button button_url=&#8221;https:\/\/icaa.pt\/icaa-individual-registration-form\/&#8221; url_new_window=&#8221;on&#8221; button_text=&#8221;Individual Registration Form (EN)&#8221; button_alignment=&#8221;center&#8221; _builder_version=&#8221;4.24.0&#8243; _module_preset=&#8221;default&#8221; hover_enabled=&#8221;0&#8243; global_colors_info=&#8221;{}&#8221; sticky_enabled=&#8221;0&#8243;][\/et_pb_button][\/et_pb_column][et_pb_column type=&#8221;1_4&#8243; _builder_version=&#8221;4.23.1&#8243; _module_preset=&#8221;default&#8221; global_colors_info=&#8221;{}&#8221;][et_pb_button button_url=&#8221;https:\/\/icaa.pt\/icaa-company-registration-form\/&#8221; url_new_window=&#8221;on&#8221; button_text=&#8221;Company Registration Form (EN)&#8221; button_alignment=&#8221;center&#8221; _builder_version=&#8221;4.24.0&#8243; _module_preset=&#8221;default&#8221; hover_enabled=&#8221;0&#8243; global_colors_info=&#8221;{}&#8221; sticky_enabled=&#8221;0&#8243;][\/et_pb_button][\/et_pb_column][\/et_pb_row][\/et_pb_section]<\/p>\n","protected":false},"excerpt":{"rendered":"<p>AssociadosA ICAA \u00e9 composta por acad\u00e9micos, representantes de institui\u00e7\u00f5es p\u00fablicas e empresas com a tarefa de promover a inova\u00e7\u00e3o e a excel\u00eancia da gest\u00e3o do capital intelectual na Europa e no mundo, criando uma rede de conhecimento que permitir\u00e1 a partilha das melhores pr\u00e1ticas empresariais. A ICAA \u00e9 uma associa\u00e7\u00e3o de direito privado, sem fins [&hellip;]<\/p>\n","protected":false},"author":1,"featured_media":30462,"parent":0,"menu_order":0,"comment_status":"closed","ping_status":"closed","template":"","meta":{"_et_pb_use_builder":"on","_et_pb_old_content":"<!-- wp:divi\/placeholder \/-->","_et_gb_content_width":"","footnotes":""},"class_list":["post-28568","page","type-page","status-publish","has-post-thumbnail","hentry"],"aioseo_notices":[],"_links":{"self":[{"href":"https:\/\/icaa.pt\/en\/wp-json\/wp\/v2\/pages\/28568","targetHints":{"allow":["GET"]}}],"collection":[{"href":"https:\/\/icaa.pt\/en\/wp-json\/wp\/v2\/pages"}],"about":[{"href":"https:\/\/icaa.pt\/en\/wp-json\/wp\/v2\/types\/page"}],"author":[{"embeddable":true,"href":"https:\/\/icaa.pt\/en\/wp-json\/wp\/v2\/users\/1"}],"replies":[{"embeddable":true,"href":"https:\/\/icaa.pt\/en\/wp-json\/wp\/v2\/comments?post=28568"}],"version-history":[{"count":2,"href":"https:\/\/icaa.pt\/en\/wp-json\/wp\/v2\/pages\/28568\/revisions"}],"predecessor-version":[{"id":30603,"href":"https:\/\/icaa.pt\/en\/wp-json\/wp\/v2\/pages\/28568\/revisions\/30603"}],"wp:featuredmedia":[{"embeddable":true,"href":"https:\/\/icaa.pt\/en\/wp-json\/wp\/v2\/media\/30462"}],"wp:attachment":[{"href":"https:\/\/icaa.pt\/en\/wp-json\/wp\/v2\/media?parent=28568"}],"curies":[{"name":"wp","href":"https:\/\/api.w.org\/{rel}","templated":true}]}}

<p>[et_pb_section fb_built=&#8221;1&#8243; admin_label=&#8221;Title&#8221; _builder_version=&#8221;4.23&#8243; _module_preset=&#8221;default&#8221; background_color=&#8221;gcid-c5e5cc09-5d4f-4c97-9d5b-5ce8359efee6&#8243; custom_margin=&#8221;0px||0px||false|false&#8221; custom_padding=&#8221;20px||20px||false|false&#8221; locked=&#8221;off&#8221; global_colors_info=&#8221;{%22gcid-c5e5cc09-5d4f-4c97-9d5b-5ce8359efee6%22:%91%22background_color%22%93}&#8221;][et_pb_row _builder_version=&#8221;4.23&#8243; _module_preset=&#8221;default&#8221; custom_margin=&#8221;||||false|false&#8221; global_colors_info=&#8221;{}&#8221;][et_pb_column type=&#8221;4_4&#8243; _builder_version=&#8221;4.23&#8243; _module_preset=&#8221;default&#8221; global_colors_info=&#8221;{}&#8221;][et_pb_text _builder_version=&#8221;4.23.1&#8243; text_font=&#8221;||||||||&#8221; text_text_color=&#8221;#34ABD6&#8243; header_font=&#8221;||||||||&#8221; header_3_font=&#8221;Poppins|600|||||||&#8221; header_3_text_color=&#8221;#44d89e&#8221; header_3_font_size=&#8221;36px&#8221; header_3_line_height=&#8221;1.4em&#8221; global_colors_info=&#8221;{}&#8221;]</p>
<h3 style="text-align: center"><span style="color: #ffffff">Associados<br /></span></h3>
<p>[/et_pb_text][/et_pb_column][/et_pb_row][/et_pb_section][et_pb_section fb_built=&#8221;1&#8243; _builder_version=&#8221;4.23.1&#8243; _module_preset=&#8221;default&#8221; custom_padding=&#8221;||25px||false|false&#8221; global_colors_info=&#8221;{}&#8221;][et_pb_row _builder_version=&#8221;4.23&#8243; _module_preset=&#8221;default&#8221; global_colors_info=&#8221;{}&#8221;][et_pb_column type=&#8221;4_4&#8243; _builder_version=&#8221;4.23&#8243; _module_preset=&#8221;default&#8221; global_colors_info=&#8221;{}&#8221;][et_pb_text _builder_version=&#8221;4.23.1&#8243; _module_preset=&#8221;default&#8221; text_font_size=&#8221;17px&#8221; global_colors_info=&#8221;{}&#8221;]</p>
<p>A ICAA é composta por académicos, representantes de instituições públicas e empresas com a tarefa de promover a inovação e a excelência da gestão do capital intelectual na Europa e no mundo, criando uma rede de conhecimento que permitirá a partilha das melhores práticas empresariais.</p>
<p>A ICAA é uma associação de direito privado, sem fins lucrativos, sendo a sua admissão reservada, sujeita a proposta subscrita por 2 membros efetivos. A sua proposta será avaliada em sede de Direção da ICAA e ratificada em Assembleia Geral.</p>
<p>Se quer pertencer à ICAA, queira preencher o formulário em anexo e enviar para <strong>info@icaa.pt</strong>.</p>
<p>[/et_pb_text][/et_pb_column][/et_pb_row][/et_pb_section][et_pb_section fb_built=&#8221;1&#8243; admin_label=&#8221;Our Teachers Section&#8221; _builder_version=&#8221;4.23&#8243; background_color=&#8221;#FFFFFF&#8221; custom_padding=&#8221;0px|0px|100px|0px|false|false&#8221; global_colors_info=&#8221;{}&#8221;][et_pb_row column_structure=&#8221;1_4,1_4,1_4,1_4&#8243; make_equal=&#8221;on&#8221; _builder_version=&#8221;4.23.1&#8243; _module_preset=&#8221;default&#8221; global_colors_info=&#8221;{}&#8221;][et_pb_column type=&#8221;1_4&#8243; _builder_version=&#8221;4.23.1&#8243; _module_preset=&#8221;default&#8221; global_colors_info=&#8221;{}&#8221;][et_pb_button button_url=&#8221;https://icaa.pt/icaa-ficha-inscricao-pessoa-individual/&#8221; url_new_window=&#8221;on&#8221; button_text=&#8221;Ficha de Inscrição Pessoa Individual (PT)&#8221; button_alignment=&#8221;center&#8221; _builder_version=&#8221;4.24.0&#8243; _module_preset=&#8221;default&#8221; hover_enabled=&#8221;0&#8243; global_colors_info=&#8221;{}&#8221; sticky_enabled=&#8221;0&#8243;][/et_pb_button][/et_pb_column][et_pb_column type=&#8221;1_4&#8243; _builder_version=&#8221;4.23.1&#8243; _module_preset=&#8221;default&#8221; global_colors_info=&#8221;{}&#8221;][et_pb_button button_url=&#8221;https://icaa.pt/icaa-ficha-inscricao-pessoa-colectiva/&#8221; url_new_window=&#8221;on&#8221; button_text=&#8221;Ficha de Inscrição Pessoa Colectiva (PT)&#8221; button_alignment=&#8221;center&#8221; _builder_version=&#8221;4.24.0&#8243; _module_preset=&#8221;default&#8221; hover_enabled=&#8221;0&#8243; global_colors_info=&#8221;{}&#8221; sticky_enabled=&#8221;0&#8243;][/et_pb_button][/et_pb_column][et_pb_column type=&#8221;1_4&#8243; _builder_version=&#8221;4.23.1&#8243; _module_preset=&#8221;default&#8221; global_colors_info=&#8221;{}&#8221;][et_pb_button button_url=&#8221;https://icaa.pt/icaa-individual-registration-form/&#8221; url_new_window=&#8221;on&#8221; button_text=&#8221;Individual Registration Form (EN)&#8221; button_alignment=&#8221;center&#8221; _builder_version=&#8221;4.24.0&#8243; _module_preset=&#8221;default&#8221; hover_enabled=&#8221;0&#8243; global_colors_info=&#8221;{}&#8221; sticky_enabled=&#8221;0&#8243;][/et_pb_button][/et_pb_column][et_pb_column type=&#8221;1_4&#8243; _builder_version=&#8221;4.23.1&#8243; _module_preset=&#8221;default&#8221; global_colors_info=&#8221;{}&#8221;][et_pb_button button_url=&#8221;https://icaa.pt/icaa-company-registration-form/&#8221; url_new_window=&#8221;on&#8221; button_text=&#8221;Company Registration Form (EN)&#8221; button_alignment=&#8221;center&#8221; _builder_version=&#8221;4.24.0&#8243; _module_preset=&#8221;default&#8221; hover_enabled=&#8221;0&#8243; global_colors_info=&#8221;{}&#8221; sticky_enabled=&#8221;0&#8243;][/et_pb_button][/et_pb_column][/et_pb_row][/et_pb_section]</p>

<p>AssociadosA ICAA é composta por académicos, representantes de instituições públicas e empresas com a tarefa de promover a inovação e a excelência da gestão do capital intelectual na Europa e no mundo, criando uma rede de conhecimento que permitirá a partilha das melhores práticas empresariais. A ICAA é uma associação de direito privado, sem fins [&hellip;]</p>
